uppose 5*d + 5*h = 30, -4*h + y*h - 6 = -5*d. Let b be (2/(-4))/(1/d). Give c(b).
2
Let x be -2*(2 + (-14)/4). Suppose 0*u - 5*u + 2 = -3*b, 4*u - x*b = 1. Let s(g) = 129 + 145 - 275 + g**3. What is s(u)?
0
Let g(o) be the third derivative of o**5/60 + o**4/24 - o**3/6 - 30*o**2. What is g(-4)?
11
Let z(r) = -r**2 + 4*r + 2. Let k(g) = -g**2 + 4*g + 2. Let x(o) = -3*k(o) + 4*z(o). Let a(y) = -y**2 + 4*y + 2. Let j(v) = -7*a(v) + 6*x(v). Calculate j(3).
-5
Let a(y) = -y**3 + 15*y**2 - 14*y + 15. Let u be (1120/100)/(16/20). Determine a(u).
15
Let v(p) = p**2 - 7*p + 2. Let f be v(7). Let b(x) = 31*x**2 + 31*x**2 - 67*x**f - 1. What is b(-2)?
-21
Let y(d) be the first derivative of -3*d**2/2 + 7*d - 2. Suppose 0 = -5*t - c + 24, t - 781*c = -778*c + 8. Determine y(t).
-8
Let m(w) = 9*w - 12. Let v(t) = 16*t - 21. Let k(p) = 7*m(p) - 4*v(p). Calculate k(-7).
7
Let i(y) = 0*y - 2*y + 4 + 2. Suppose 2*r + 0*r - h = 13, 3*h = 5*r - 35. Let k be 2 - ((r/1 - 0) + -6). Calculate i(k).
-2
Let q(k) = -2*k + 1. Let j = -4 - -9. Let z = 35 - 35. Suppose z = -0*p - j*p + 25. Give q(p).
-9
Let q(c) be the second derivative of c**5/20 + 5*c**4/6 - c**3/3 + 11*c + 4. Determine q(-10).
20
Let r(s) = -s**2 - 1. Let g(q) = -q**3 + 3*q**2 + 3*q - 2. Let m(a) = -g(a) - r(a). Suppose 2*o - 12 = 5*b, -4*b - b - 7 = 3*o. Let i = 4 + b. What is m(i)?
-3
Let h be -3*2/(-4) + 1/2. Let l(m) = -15 + 7 - 2*m**h + m**2 - 10*m. Give l(-6).
16
Let m(i) = -7*i**2 - 5*i + 12. Let c(z) = -6*z**2 - 4*z + 11. Suppose -t = 3*t + 24. Let j be 1*(8 + 0 + -3). Let n(r) = j*m(r) + t*c(r). Determine n(0).
-6
Let j(l) = -5*l + 2. Let s(t) = t - 4. Let u(q) = -j(q) - 4*s(q). Suppose g + 17 = -3*a + 4, 0 = -5*g - 5*a - 45. Determine u(g).
7
Suppose -11*s - 196 + 119 = 0. Let t(h) = h - 3. What is t(s)?
-10
Suppose 10 = 76*p - 75*p. Suppose 5*r = p*r - 10. Let f(j) = j**3 - 3*j + 1. Give f(r).
3
Suppose 277 = 85*i - 148. Let u(h) = h**3 + 3*h**2 - 2*h + 1. Let d(q) = q**3 - q**2 + q - 1. Let y(x) = 2*d(x) - u(x). Calculate y(i).
17
Suppose q + 69 = 74. Let n(x) = 8*x - 4. Determine n(q).
36
Let b(o) = -5*o + 88. Let n be b(31). Let p = n + 76. Let f(a) = -a**3 + 9*a**2 + 2*a - 10. What is f(p)?
8
Let i(x) = x**2 + 20*x + 20. Suppose -k = -3*p - 58, 23*p = 22*p + 5*k - 24. What is i(p)?
1
Let h(k) be the first derivative of k**3/3 + 5*k**2 - k + 20. Determine h(-11).
10
Suppose 0 = -2*n - n + 54. Suppose 4*d = -10 - n. Let j(l) = l**3 + 6*l**2 - 9*l - 7. Calculate j(d).
7
Let d(n) be the third derivative of -n**5/60 - n**3/2 + 58*n**2 + n. What is d(-5)?
-28
Let f(x) = x**2 - 1. Let a be f(3). Let m(y) = 2 + 19*y - 10*y - a*y. Calculate m(5).
7
Let a(f) = 3 + 44*f**3 - 2*f - 77*f**3 + 32*f**3 + 4*f**2. Give a(3).
6
Let b(g) = -151 - 2*g + 74 + 0*g + 67. Calculate b(-12).
14
Let w(q) = -q - 10. Let m(s) = 3*s + 28. Let r(l) = -3*m(l) - 8*w(l). Suppose -18 = -3*n - 3, -5*i - n = 25. What is r(i)?
2
Let c(d) = 4*d + 13. Let k(b) = -5*b - 14. Let p(j) = -4*c(j) - 3*k(j). What is p(5)?
-15
Let k(b) = -b + 11. Let s be k(8). Suppose 2*v = s + 1. Let l(x) = -2*x**2 + x**v - 3 - 19*x + 21*x. What is l(2)?
-3
Let d(y) = -8*y**2 + 15*y - 16. Let r(m) = 7*m**2 - 14*m + 15. Let w(h) = -6*d(h) - 7*r(h). Suppose -70 = 146*o - 156*o. Calculate w(o).
-2
Let n(m) be the third derivative of -11*m**4/24 - 2*m**2 + 67. What is n(1)?
-11
Let v(g) = -g**2 - 8*g - 8. Let k(c) = -5*c - 7. Let l be k(-3). Suppose 0*o = o + l. Let m be o/(-3)*9/(-4). Determine v(m).
4
Let d = 34 - 22. Suppose 4*x + d = -0*x. Let z(w) = -2*w**3 + 10*w**2 - 2*w - 15*w**2 + w**3. Give z(x).
-12
Let u(y) = y**2 + 3*y - 4. Let i = -63 - -78. Suppose -i*k - 8 + 53 = 0. Determine u(k).
14
Let b(v) = 4*v**2 - 57*v + 121. Let p be b(12). Let l(o) = o**2 - 11*o - 32. Calculate l(p).
-6
Let d(q) = -17*q**3 + q**2 - 1. Suppose -5*c - 16 + 11 = 0. Calculate d(c).
17
Let g(q) be the second derivative of -q**3/6 + 10*q**2 - 3*q. Let m be g(14). Let y(n) = -7*n + 3*n**2 + m - 4*n**2 + 2*n**2 + 0*n**2. What is y(4)?
-6
Let x(g) = -6*g**2 + 6*g + 3. Let p(b) = b**2 - 4 + 5 - 2 - b. Let m(v) = 5*p(v) + x(v). Let s = 382 + -385. Give m(s).
-14
Let r(v) = -3 - 5 + 9*v**2 + 9*v**2 + v**3 - 24*v**2 - 3*v. What is r(7)?
20
Let c(j) = -23*j + 11. Let z(k) = -k + 2. Let g(o) = -c(o) + 6*z(o). Determine g(1).
18
Let m(q) = -q**2 - 11*q + 7. Suppose -4*g + 4*d = -288, -5*g + 13*d - 10*d + 362 = 0. Let p = g + -84. Calculate m(p).
7
Let b(y) be the second derivative of y**4/24 - y**3/6 - y**2 + 6*y. Let k(u) be the first derivative of b(u). Determine k(-7).
-8
Let y = 158 - 158. Let t(n) = -n + 18. Give t(y).
18
Let m be 251/11 - (-24)/132. Let j(g) = -24 + 2*g - 5*g + 4*g + m. Give j(-5).
-6
Let j(z) = -13*z + 6. Let c(a) = 16*a - 6. Let g(q) = 5*c(q) + 6*j(q). Calculate g(-6).
-6
Let n(i) = 25*i**3 + 7 - 5*i + 2*i**2 - 4 + 0*i - 24*i**3. What is n(2)?
9
Suppose 23*n + 42 = 17*n. Let k(i) = i**2 + 4*i - 4. What is k(n)?
17
Let q(w) = -w**3 + 5*w**2 + 5*w + 7. Let x be q(6). Let c(p) = x - 6*p**2 + 5*p**2 + 1 - 2*p. Let t(o) = -o**2 - o + 52. Let u be t(7). Calculate c(u).
-6
Suppose 0 = 8*j + 15 + 17. Let v(d) = -d**2 - 5*d - 5. Determine v(j).
-1
Let t(f) be the first derivative of -5*f**2/2 - 7*f + 3. Let y be t(-2). Let r(l) = l**3 + l**2 - 3*l**2 - l + 5*l**2 + 0*l**y. Determine r(-4).
-12
Let y = -20 + 45. Let g = -22 + y. Let z(d) = -d + 2. Calculate z(g).
-1
Let d(q) = -3*q**3 - 1. Let o(n) = -2*n**2 + 10*n - 6. Let f be o(4). Suppose a - l = l - 1, 5*l - 3 = f*a. What is d(a)?
-4
Let r(b) = -5*b**2 - 18*b. Let t(j) = 11*j**2 + 36*j + 3. Let u(n) = -13*r(n) - 6*t(n). Calculate u(17).
-1
Let n(p) be the third derivative of -p**5/60 - p**4/8 - p**3/6 - 11*p**2. Let d(c) = 3*c + 39. Let l be d(-14). Calculate n(l).
-1
Suppose 20*o - 8*o = 72. Let f(d) be the third derivative of -d**4/24 + d**3/6 + 3*d**2. Give f(o).
-5
Suppose -4*z + 18 = 2*g, g = -g - 3*z + 17. Let t(p) = 3*p + g*p - 22*p + 11*p + 2*p**2. Suppose 2*c - 3 = -c. What is t(c)?
1
Let c(d) = 2*d + 6. Let p be (-1)/(-6) - (-87)/18. Suppose p*a - 10 = -0*a. Suppose -a*b = -4*m - 8, 3*m + 4*b + 19 + 9 = 0. Determine c(m).
-2
Suppose 5*j + 10 = 2*h + 9*j, -2*j = 3*h - 11. Let c(f) = -6*f - 1. Determine c(h).
-19
Let g(t) = -t**3 - 4 - 130*t**2 + 5 + t - 122*t**2 + 258*t**2. Let o = -8 - -14. Suppose -3*x + o*x - 15 = -2*c, 0 = -5*c + 5*x + 25. Give g(c).
7
Let v(h) = -h + 10. Let r be (-1)/((-11 - -7)/36). Give v(r).
1
Let f(b) = b**2 - 25*b + 47. Let u(o) = 2*o - 5. Let m(s) = -f(s) - 6*u(s). Give m(9).
19
Let f be (36/(-30))/((-2)/10). Let o be f/(-14) - 93/(-21). Let q(h) = -h**3 + 4*h**2 + 4*h - 6. Calculate q(o).
10
Let o(m) = -m - 18. Let c(v) = v**3 + v**2 - 8*v - 20. Let f be c(-2). Calculate o(f).
-10
Let k be (37 + -40)*(0 + 5/(-3)). Let c(w) = -w - 4. Determine c(k).
-9
Let k(f) be the second derivative of -2*f**3/3 - f**2 - 12*f - 1. Suppose 2 = 3*z + 14. Calculate k(z).
14
Let u(z) = -5*z + 2. Let a be u(1). Let x(c) = -99*c + 191*c - 95*c - 3. Determine x(a).
6
Let m(p) be the first derivative of -p**2 - 16*p + 43. What is m(-9)?
2
Let a(g) = -2*g - 12. Let m be a(-5). Let x(v) be the third derivative of v**5/60 - v**4/12 - v**3/3 - 3*v**2. What is x(m)?
6
Let r(k) = 7*k - 2 + 2 - 12*k + 2. Let z(v) = -5*v + 1. Let n(p) = -3*r(p) + 4*z(p). Suppose a + c + 5 = 0, -2*c = -a - 1 + 5. Give n(a).
8
Let a be 1*(4/8)/(2/8). Let z be (-3)/((-2)/1 + 1). Let n(s) = -5 + z - 4*s + 5 + 2*s**2. Determine n(a).
3
Let a(d) = -62*d + 16. Let i(y) = -15*y + 4. Let q(m) = -2*a(m) + 9*i(m). Let x(f) = 32*f - 11. Let j(z) = 17*q(z) + 6*x(z). Give j(3).
17
Suppose -r - 2*v - 5 = 0, 4*r + v = -v + 4. Let c = r - -2. Let t(x) = -c + 4*x - 11*x + 6. What is t(1)?
-6
Suppose -116 = -4*h - 4*b, 53 - 4 = h + 5*b. Let s(d) = -72*d + 26*d + 29*d - 1 + h*d. Calculate s(3).
20
Suppose 2*h = 3*k - 213, -h + 204 = -k + 4*k. Let a be 16/(-24) + k/9. Let n(t) = t**2 - 9*t + 9. Calculate n(a).
-5
Let f = 21 - 15. Suppose 4*w - 21 = -13. Let g(n) = -3*n**2 + 2*n**2 - 27 - 8*n + n**3 - 3*n**w + 22. Calculate g(f).
19
Let c(f) = -f - 26 - 2*f - 11*f. Let r(x) = 5*x + 9. Let m(u) = 4*c(u) + 11*r(u). What is m(-3)?
-2
Let z(y) = -y - 3. Let f be z(-11). Let u = f - 13. Let h(r) = r**3 + 4*r**2 - 6*r + 6. What is h(u)?
11